{"id":36,"date":"2018-04-08T21:33:38","date_gmt":"2018-04-08T19:33:38","guid":{"rendered":"http:\/\/ribeiro-avocat.com\/?page_id=36"},"modified":"2020-06-30T18:26:56","modified_gmt":"2020-06-30T16:26:56","slug":"conseil-contentieux","status":"publish","type":"page","link":"https:\/\/ribeiro-avocat.com\/index.php\/conseil-contentieux\/","title":{"rendered":"Conseil-contentieux"},"content":{"rendered":"<div class=\"slider-wrapper relative\" id=\"slider-416447763\" >\n    <div class=\"slider slider-nav-circle slider-nav-large slider-nav-light slider-style-normal\"\n        data-flickity-options='{\n            \"cellAlign\": \"center\",\n            \"imagesLoaded\": true,\n            \"lazyLoad\": 1,\n            \"freeScroll\": false,\n            \"wrapAround\": true,\n            \"autoPlay\": 6000,\n            \"pauseAutoPlayOnHover\" : true,\n            \"prevNextButtons\": true,\n            \"contain\" : true,\n            \"adaptiveHeight\" : true,\n            \"dragThreshold\" : 10,\n            \"percentPosition\": true,\n            \"pageDots\": true,\n            \"rightToLeft\": false,\n            \"draggable\": true,\n            \"selectedAttraction\": 0.1,\n            \"parallax\" : 0,\n            \"friction\": 0.6        }'\n        >\n        \n\n  <div class=\"banner has-hover\" id=\"banner-377886514\">\n          <div class=\"banner-inner fill\">\n        <div class=\"banner-bg fill\" >\n            <img loading=\"lazy\" decoding=\"async\" width=\"854\" height=\"559\" src=\"https:\/\/ribeiro-avocat.com\/wp-content\/uploads\/2018\/07\/Justice-Corgarashu-Fotolia-854x559-1-854x559.jpg\" class=\"bg attachment-original size-original\" alt=\"\" \/>                                    \n                    <\/div>\n\t\t\n        <div class=\"banner-layers container\">\n            <div class=\"fill banner-link\"><\/div>            \n   <div id=\"text-box-1693515459\" class=\"text-box banner-layer x0 md-x0 lg-x0 y95 md-y50 lg-y50 res-text\">\n                                <div class=\"text-box-content text box-shadow-1\">\n              \n              <div class=\"text-inner text-left\">\n                  \n<h6><\/h6>\n<h3 class=\"uppercase\" style=\"text-align: left;\"><em>LE PROPRE DE La justice est de garantir des droits \u00e9gaux<\/em>.<\/h3>\n<p>Saint Bernard de Clairveaux (1090-1153).<\/p>\n              <\/div>\n           <\/div>\n                            \n<style>\n#text-box-1693515459 .text-box-content {\n  background-color: rgba(255, 255, 255, 0.94);\n  font-size: 100%;\n}\n#text-box-1693515459 .text-inner {\n  padding: 30px 30px 30px 30px;\n}\n#text-box-1693515459 {\n  width: 90%;\n}\n@media (min-width:550px) {\n  #text-box-1693515459 {\n    width: 55%;\n  }\n}\n<\/style>\n    <\/div>\n \n        <\/div>\n      <\/div>\n\n            \n<style>\n#banner-377886514 {\n  padding-top: 400px;\n}\n#banner-377886514 .banner-bg img {\n  object-position: 62% 60%;\n}\n<\/style>\n  <\/div>\n\n\n     <\/div>\n\n     <div class=\"loading-spin dark large centered\"><\/div>\n\n\t<\/div>\n\n\n\n\t<section class=\"section\" id=\"section_800332220\">\n\t\t<div class=\"section-bg fill\" >\n\t\t\t\t\t\t\t\t\t\n\t\t\t\n\n\t\t<\/div>\n\n\t\t\n\n\t\t<div class=\"section-content relative\">\n\t\t\t\n<div class=\"row row-large align-center row-divided\"  id=\"row-2098995435\">\n\n\t<div id=\"col-1853988095\" class=\"col medium-4 large-4\"  >\n\t\t\t\t<div class=\"col-inner\"  >\n\t\t\t\n\t\t\t\n\n\t<a class=\"plain\" href=\"https:\/\/ribeiro-avocat.com\/index.php\/droit-immobilier\/\" >\t<div class=\"icon-box featured-box icon-box-center text-center\"  style=\"margin:0px 0px 0px 0px;\">\n\t\t\t\t\t<div class=\"icon-box-img has-icon-bg\" style=\"width: 60px\">\n\t\t\t\t<div class=\"icon\">\n\t\t\t\t\t<div class=\"icon-inner\" style=\"border-width:2px;\">\n\t\t\t\t\t\t<img loading=\"lazy\" decoding=\"async\" width=\"200\" height=\"239\" src=\"https:\/\/ribeiro-avocat.com\/wp-content\/uploads\/2018\/07\/noun_building_1825667.png\" class=\"attachment-medium size-medium\" alt=\"\" \/>\t\t\t\t\t<\/div>\n\t\t\t\t<\/div>\n\t\t\t<\/div>\n\t\t\t\t<div class=\"icon-box-text last-reset\">\n\t\t\t<h5 class=\"uppercase\">droit immobilier<\/h5>\t\t\t\t\t\t\n<ul>\n<li style=\"text-align: center;\">Droit de la copropri\u00e9t\u00e9: litige copropri\u00e9taire \/ Syndic \/ Syndicat, recouvrement de charges, gestion des conflits, contestations de r\u00e9solutions d&rsquo;assembl\u00e9e g\u00e9n\u00e9rale.<\/li>\n<li style=\"text-align: center;\">Contentieux des baux d&rsquo;habitation : <a href=\"https:\/\/ribeiro-avocat.com\/index.php\/expulsion-locataire\/\">gestion des impay\u00e9s et expulsions<\/a>, entretien et r\u00e9paration, travaux, restitution du d\u00e9p\u00f4t de garantie ainsi que le contr\u00f4le de l&rsquo;\u00e9tat des lieux.<\/li>\n<li style=\"text-align: center;\"><a href=\"https:\/\/ribeiro-avocat.com\/index.php\/la-creation-dune-societe-civile-immobiliere-nice\/\">Assistance cr\u00e9ation et gestion de Soci\u00e9t\u00e9s civiles immobili\u00e8res\u00a0 (S.C.I).<\/a><\/li>\n<li style=\"text-align: center;\">Vices cach\u00e9s\/Construction.<\/li>\n<li style=\"text-align: center;\">Trouble du voisinage : nuisances ainsi que privation d\u2019ensoleillement, violation des limites s\u00e9paratives, action en bornage et servitude.<\/li>\n<li style=\"text-align: center;\">Action en responsabilit\u00e9 contre des professionnels de l&rsquo;immobilier.<\/li>\n<li style=\"text-align: center;\"><a href=\"https:\/\/ribeiro-avocat.com\/index.php\/vente-aux-encheres-nice\/\"> Vente aux ench\u00e8res.<\/a><\/li>\n<li style=\"text-align: center;\">Viager.<\/li>\n<\/ul>\n<div><\/div>\n\t\t<\/div>\n\t<\/div>\n\t<\/a>\n\t\n\t\t<\/div>\n\t\t\t\t\t<\/div>\n\n\t\n\n\t<div id=\"col-1914180851\" class=\"col medium-4 large-4\"  >\n\t\t\t\t<div class=\"col-inner\"  >\n\t\t\t\n\t\t\t\n\n\t<a class=\"plain\" href=\"https:\/\/ribeiro-avocat.com\/index.php\/avocat-baux-commerciaux-nice\/\" >\t<div class=\"icon-box featured-box icon-box-center text-center\"  style=\"margin:0px 0px 0px 0px;\">\n\t\t\t\t\t<div class=\"icon-box-img has-icon-bg\" style=\"width: 60px\">\n\t\t\t\t<div class=\"icon\">\n\t\t\t\t\t<div class=\"icon-inner\" style=\"border-width:2px;\">\n\t\t\t\t\t\t<img loading=\"lazy\" decoding=\"async\" width=\"200\" height=\"180\" src=\"https:\/\/ribeiro-avocat.com\/wp-content\/uploads\/2018\/07\/noun_courthouse_1208762.png\" class=\"attachment-medium size-medium\" alt=\"\" \/>\t\t\t\t\t<\/div>\n\t\t\t\t<\/div>\n\t\t\t<\/div>\n\t\t\t\t<div class=\"icon-box-text last-reset\">\n\t\t\t<h5 class=\"uppercase\">droit civil et commercial<\/h5>\t\t\t\t\t\t\n<ul>\n<li>R\u00e9daction de contrat de service.<\/li>\n<li>R\u00e9daction contrat de bail commercial.<\/li>\n<li>Contentieux des baux commerciaux.<\/li>\n<li>Action en responsabilit\u00e9 civile par devant le Tribunal judiciaire et la Cour d&rsquo;Appel.<\/li>\n<li>Divorce amiable.<\/li>\n<\/ul>\n\t\t<\/div>\n\t<\/div>\n\t<\/a>\n\t\n\t\t<\/div>\n\t\t\t\t\t<\/div>\n\n\t\n\n\t<div id=\"col-1864710671\" class=\"col medium-4 large-4\"  >\n\t\t\t\t<div class=\"col-inner\"  >\n\t\t\t\n\t\t\t\n\n\t<a class=\"plain\" href=\"https:\/\/ribeiro-avocat.com\/index.php\/avocat-fonds-de-commerce-nice\/\" >\t<div class=\"icon-box featured-box icon-box-center text-center\"  style=\"margin:0px 0px 0px 0px;\">\n\t\t\t\t\t<div class=\"icon-box-img has-icon-bg\" style=\"width: 60px\">\n\t\t\t\t<div class=\"icon\">\n\t\t\t\t\t<div class=\"icon-inner\" style=\"border-width:2px;\">\n\t\t\t\t\t\t<img loading=\"lazy\" decoding=\"async\" width=\"200\" height=\"184\" src=\"https:\/\/ribeiro-avocat.com\/wp-content\/uploads\/2018\/07\/noun_Justice_1400770.png\" class=\"attachment-medium size-medium\" alt=\"\" \/>\t\t\t\t\t<\/div>\n\t\t\t\t<\/div>\n\t\t\t<\/div>\n\t\t\t\t<div class=\"icon-box-text last-reset\">\n\t\t\t<h5 class=\"uppercase\">Droit des affaires<\/h5>\t\t\t\t\t\t\n<ul>\n<li>Cession de fonds de commerce.<\/li>\n<li>Cession de parts sociales.<\/li>\n<li>Cession d&rsquo;actif.<\/li>\n<li>Cr\u00e9ation de soci\u00e9t\u00e9s : soci\u00e9t\u00e9 par action simplifi\u00e9e (S.A.S), soci\u00e9t\u00e9 \u00e0 responsabilit\u00e9 limit\u00e9e (S.A.R.L), soci\u00e9t\u00e9 en nom collectif (S.N.C), soci\u00e9t\u00e9 civile immobili\u00e8re (S.C.I).<\/li>\n<\/ul>\n<div><\/div>\n<div>&#8211;<\/div>\n<div><\/div>\n<div><\/div>\n<div><\/div>\n<div>&#8211;<\/div>\n\t\t<\/div>\n\t<\/div>\n\t<\/a>\n\t\n\t\t<\/div>\n\t\t\t\t\t<\/div>\n\n\t\n<\/div>\n\t\t<\/div>\n\n\t\t\n<style>\n#section_800332220 {\n  padding-top: 30px;\n  padding-bottom: 30px;\n  background-color: rgb(255, 255, 255);\n}\n<\/style>\n\t<\/section>\n\t\n<p>Liens utiles :<\/p>\n<p><a href=\"https:\/\/lannuaire.service-public.fr\/provence-alpes-cote-d-azur\/alpes-maritimes\/tgi-06088-01\">Coordonn\u00e9es Tribunal judiciaire de NICE.<\/a><\/p>\n<p><a href=\"https:\/\/www.barreaudenice.com\/\">Barreau de Nice.<\/a><\/p>\n<div class=\"message-box relative dark\" style=\"padding-top:36px;padding-bottom:36px;\"><div class=\"message-box-bg-image bg-fill fill\" ><\/div><div class=\"message-box-bg-overlay bg-fill fill\" style=\"background-color:rgb(74, 74, 74);\"><\/div><div class=\"container relative\"><div class=\"inner last-reset\">\n<div class=\"row align-middle\"  id=\"row-1584539543\">\n\n\t<div id=\"col-1300072749\" class=\"col medium-7 small-12 large-7\"  >\n\t\t\t\t<div class=\"col-inner\"  >\n\t\t\t\n\t\t\t\n<h2 class=\"uppercase\"><\/h2>\n<p>Une convention d&rsquo;honoraire est \u00e9tablie \u00e0 chaque ouverture de dossier en accord avec le client.<\/p>\n\t\t<\/div>\n\t\t\t\t\t<\/div>\n\n\t\n\n\t<div id=\"col-1020477780\" class=\"col medium-5 small-12 large-5\"  >\n\t\t\t\t<div class=\"col-inner text-right\"  >\n\t\t\t\n\t\t\t\n<a data-animate=\"flipInY\" href=\"https:\/\/ribeiro-avocat.com\/index.php\/les-honoraires\/\" class=\"button white is-outline is-larger\" >\n\t\t<span>honoraires<\/span>\n\t<\/a>\n\n\t\t<\/div>\n\t\t\t\t\t<\/div>\n\n\t\n<\/div>\n<\/div><\/div><\/div>\n","protected":false},"excerpt":{"rendered":"<p>Liens utiles : Coordonn\u00e9es Tribunal judiciaire de NICE. Barreau de Nice.<\/p>\n","protected":false},"author":1,"featured_media":0,"parent":0,"menu_order":0,"comment_status":"closed","ping_status":"closed","template":"page-blank.php","meta":{"footnotes":""},"class_list":["post-36","page","type-page","status-publish","hentry"],"_links":{"self":[{"href":"https:\/\/ribeiro-avocat.com\/index.php\/wp-json\/wp\/v2\/pages\/36","targetHints":{"allow":["GET"]}}],"collection":[{"href":"https:\/\/ribeiro-avocat.com\/index.php\/wp-json\/wp\/v2\/pages"}],"about":[{"href":"https:\/\/ribeiro-avocat.com\/index.php\/wp-json\/wp\/v2\/types\/page"}],"author":[{"embeddable":true,"href":"https:\/\/ribeiro-avocat.com\/index.php\/wp-json\/wp\/v2\/users\/1"}],"replies":[{"embeddable":true,"href":"https:\/\/ribeiro-avocat.com\/index.php\/wp-json\/wp\/v2\/comments?post=36"}],"version-history":[{"count":57,"href":"https:\/\/ribeiro-avocat.com\/index.php\/wp-json\/wp\/v2\/pages\/36\/revisions"}],"predecessor-version":[{"id":1752,"href":"https:\/\/ribeiro-avocat.com\/index.php\/wp-json\/wp\/v2\/pages\/36\/revisions\/1752"}],"wp:attachment":[{"href":"https:\/\/ribeiro-avocat.com\/index.php\/wp-json\/wp\/v2\/media?parent=36"}],"curies":[{"name":"wp","href":"https:\/\/api.w.org\/{rel}","templated":true}]}}