{"id":294,"date":"2018-07-12T17:17:51","date_gmt":"2018-07-12T15:17:51","guid":{"rendered":"http:\/\/ribeiro-avocat.com\/?page_id=294"},"modified":"2022-12-10T10:01:15","modified_gmt":"2022-12-10T09:01:15","slug":"les-honoraires","status":"publish","type":"page","link":"https:\/\/ribeiro-avocat.com\/index.php\/les-honoraires\/","title":{"rendered":"Les honoraires"},"content":{"rendered":"<h1 style=\"text-align: center;\"><span style=\"text-decoration: underline; color: #000000;\"><strong>Honoraires : le principe d&rsquo;un forfait global<br \/><\/strong><\/span><\/h1>\n<h3><span style=\"text-decoration: underline; color: #000000;\">Principe :<\/span><\/h3>\n<p style=\"text-align: justify;\"><span style=\"color: #000000;\">L&rsquo;Avocat per\u00e7oit une r\u00e9mun\u00e9ration en contrepartie d&rsquo;une mission qui lui est confi\u00e9e que ce soit en conseil ou en contentieux. Ces honoraires correspondent \u00e0 la facturation de l&rsquo;ensemble des actes n\u00e9cessaires \u00e0 l&rsquo;\u00e9tude et l&rsquo;instruction d&rsquo;une affaire : rendez vous, recherches juridiques, consultations, r\u00e9dactions etc.<\/span><\/p>\n<p><span style=\"color: #000000;\">Depuis la loi MACRON du 6 ao\u00fbt 2015, la convention d&rsquo;honoraire entre l&rsquo;avocat et son client est obligatoire et ce afin de prot\u00e9ger chacune des parties.<\/span><\/p>\n<p><span style=\"color: #000000;\">En fonction du dossier, l&rsquo;Avocat propose au client une convention au temps pass\u00e9, forfaitaire ou de r\u00e9sultat.<\/span><\/p>\n<h3><span style=\"text-decoration: underline; color: #000000;\">Consultation au cabinet :<\/span><\/h3>\n<p><span style=\"color: #000000;\">Le taux horaire du cabinet s&rsquo;\u00e9tablit \u00e0 250 \u20ac H.T de l&rsquo;heure (TVA en sus de 20 %).<\/span><\/p>\n<p>\u00a0<\/p>\n<h2 style=\"text-align: center;\"><span style=\"text-decoration: underline; color: #000000;\">La priorit\u00e9 est mise sur la facturation au forfait afin de pouvoir conna\u00eetre \u00e0 l&rsquo;avance le montant total des honoraires<\/span><\/h2>\n<p><span style=\"color: #000000;\">Selon la nature de l&rsquo;affaire, une convention forfaitaire peut \u00eatre \u00e9tablie.<\/span><\/p>\n<p><span style=\"color: #000000;\">Ma\u00eetre RIBEIRO DE CARVALHO privil\u00e9gie au maximum ce mode de facturation car il permet au client de conna\u00eetre \u00e0 l&rsquo;avance le montant total des honoraires.<\/span><\/p>\n<p><span style=\"color: #000000;\">Le forfait sera fix\u00e9 au regard du nombres d&rsquo;heures pr\u00e9visibles d&rsquo;ach\u00e8vement du dossier. Par cons\u00e9quent, toutes les heures suppl\u00e9mentaires pass\u00e9s sur le dossier ne seront pas mise \u00e0 votre charge : vous ma\u00eetrisez le co\u00fbt de la proc\u00e9dure d\u00e8s l&rsquo;ouverture du dossier.<\/span><\/p>\n<h3><span style=\"text-decoration: underline; color: #000000;\">Convention d&rsquo;honoraires au temps pass\u00e9 :<\/span><\/h3>\n<p><span style=\"color: #000000;\">Dans certains dossiers, il est n\u00e9anmoins difficile de pr\u00e9voir \u00e0 l&rsquo;avance le temps travail effectif. C&rsquo;est pourquoi la convention d&rsquo;honoraires au temps pass\u00e9 pourra parfois \u00eatre propos\u00e9e.<\/span><\/p>\n<p><span style=\"color: #000000;\">Toutefois la facturation au temps pass\u00e9 peut \u00eatre \u00e9tablie p\u00e9riodiquement. Un devis concernant les diligences sollicit\u00e9es, au temps pass\u00e9 ou suivant la nature de la prestation sera \u00e9tabli.<\/span><\/p>\n<p><span style=\"color: #000000;\">Dans un souci de transparence, un d\u00e9compte des heures pass\u00e9es sera adress\u00e9 sur simple demande du client.<\/span><\/p>\n<h3><span style=\"text-decoration: underline; color: #000000;\">Convention d&rsquo;honoraires de r\u00e9sultat :<\/span><\/h3>\n<p><span style=\"color: #000000;\">Dans certains cas, le Cabinet peut proposer la mise en place d&rsquo;une convention d&rsquo;honoraires de r\u00e9sultat.<\/span><\/p>\n<p><span style=\"color: #000000;\">Conform\u00e9ment aux r\u00e8gles r\u00e9gissant la profession d&rsquo;Avocat, Ma\u00eetre RIBEIRO DE CARVALHO ne peut fonder exclusivement sa r\u00e9mun\u00e9ration sur le r\u00e9sultat d&rsquo;une affaire ou d&rsquo;une op\u00e9ration.<\/span><\/p>\n<h3><span style=\"text-decoration: underline; color: #000000;\">Difficult\u00e9 d&rsquo;ex\u00e9cution :<\/span><\/h3>\n<p><span style=\"color: #000000;\">En cas de litige entre l&rsquo;Avocat et le Client, la partie la plus diligente pourra saisir le B\u00e2tonnier du Barreau de Nice.<\/span><\/p>\n","protected":false},"excerpt":{"rendered":"<p>Honoraires : le principe d&rsquo;un forfait global Principe : L&rsquo;Avocat per\u00e7oit une r\u00e9mun\u00e9ration en contrepartie d&rsquo;une mission qui lui est confi\u00e9e que ce soit en conseil ou en contentieux. Ces honoraires correspondent \u00e0 la facturation de l&rsquo;ensemble des actes n\u00e9cessaires \u00e0 l&rsquo;\u00e9tude et l&rsquo;instruction d&rsquo;une affaire : rendez vous, recherches juridiques, consultations, r\u00e9dactions etc. Depuis [&#8230;]\n","protected":false},"author":1,"featured_media":0,"parent":0,"menu_order":0,"comment_status":"closed","ping_status":"closed","template":"","meta":{"footnotes":""},"class_list":["post-294","page","type-page","status-publish","hentry"],"_links":{"self":[{"href":"https:\/\/ribeiro-avocat.com\/index.php\/wp-json\/wp\/v2\/pages\/294","targetHints":{"allow":["GET"]}}],"collection":[{"href":"https:\/\/ribeiro-avocat.com\/index.php\/wp-json\/wp\/v2\/pages"}],"about":[{"href":"https:\/\/ribeiro-avocat.com\/index.php\/wp-json\/wp\/v2\/types\/page"}],"author":[{"embeddable":true,"href":"https:\/\/ribeiro-avocat.com\/index.php\/wp-json\/wp\/v2\/users\/1"}],"replies":[{"embeddable":true,"href":"https:\/\/ribeiro-avocat.com\/index.php\/wp-json\/wp\/v2\/comments?post=294"}],"version-history":[{"count":22,"href":"https:\/\/ribeiro-avocat.com\/index.php\/wp-json\/wp\/v2\/pages\/294\/revisions"}],"predecessor-version":[{"id":2305,"href":"https:\/\/ribeiro-avocat.com\/index.php\/wp-json\/wp\/v2\/pages\/294\/revisions\/2305"}],"wp:attachment":[{"href":"https:\/\/ribeiro-avocat.com\/index.php\/wp-json\/wp\/v2\/media?parent=294"}],"curies":[{"name":"wp","href":"https:\/\/api.w.org\/{rel}","templated":true}]}}