{"id":2377,"date":"2023-05-17T18:08:29","date_gmt":"2023-05-17T16:08:29","guid":{"rendered":"https:\/\/ribeiro-avocat.com\/?page_id=2377"},"modified":"2023-09-14T09:52:27","modified_gmt":"2023-09-14T07:52:27","slug":"avocat-droit-immobilier-marseille","status":"publish","type":"page","link":"https:\/\/ribeiro-avocat.com\/index.php\/avocat-droit-immobilier-marseille\/","title":{"rendered":"Droit immobilier Marseille"},"content":{"rendered":"<h1 style=\"text-align: center;\"><span style=\"text-decoration: underline; color: #000000;\">Avocat en droit immobilier \u00e0 Marseille<\/span><\/h1>\n<p style=\"text-align: justify;\"><span style=\"color: #000000;\">Afin de vous assister dans la r\u00e9solution de vos <strong>probl\u00e8mes immobiliers<\/strong> vous pouvez contacter un <strong>avocat en droit immobilier \u00e0 Marseille<\/strong>.<\/span><\/p>\n<p><span style=\"color: #000000;\"><strong>Me Ribeiro<\/strong> conseille en droit immobilier les <strong>particuliers<\/strong> et les <strong>professionnels<\/strong>. Intervenant uniquement dans le <strong>domaine du droit immobilier<\/strong>, le cabinet intervient quotidiennement sur toutes les probl\u00e9matiques li\u00e9es au <strong>droit patrimonial et immobilier.<\/strong>\u00a0<\/span><\/p>\n<p style=\"text-align: center;\"><span style=\"color: #000000;\"><strong>T\u00e9l : <a href=\"tel:+33624059701\">06.24.05.97.01<\/a> ; mail <a href=\"mailto:avocat@ribeiro-dc.com\">avocat@ribeiro-dc.com<\/a><\/strong><\/span><\/p>\n<h2><span style=\"text-decoration: underline;\"><span style=\"color: #000000; text-decoration: underline;\">Pourquoi faire appel \u00e0 un avocat en droit immobilier \u00e0 Marseille ?<\/span><\/span><\/h2>\n<p><span style=\"color: #000000;\"><strong>L&rsquo;avocat en droit immobilier \u00e0 Marseille<\/strong> assiste et conseille ses clients sur de nombreuses <strong>probl\u00e9matiques juridiques<\/strong>, que ce soit en conseil ou en contentieux. Fondateur du <a href=\"https:\/\/ribeiro-avocat.com\/\">Cabinet PRC AVOCAT \u00e0 Nice<\/a>, Me Ribeiro de Carvalho \u00e9tend son champ d&rsquo;intervention sur la ville de <strong>Marseille<\/strong> et ses environs. Il est important de choisir un avocat traitant quotidiennement des probl\u00e9matiques\u00a0 li\u00e9es \u00e0 l&rsquo;immobilier car les pi\u00e8ges et difficult\u00e9s sont nombreux.<\/span><\/p>\n<p style=\"text-align: justify;\"><span style=\"color: #000000;\"><img loading=\"lazy\" decoding=\"async\" class=\"aligncenter wp-image-2378\" src=\"https:\/\/ribeiro-avocat.com\/wp-content\/uploads\/2023\/05\/TJ-Marseille.jpg\" alt=\"avocat droit immobilier marseille\" width=\"638\" height=\"359\" srcset=\"https:\/\/ribeiro-avocat.com\/wp-content\/uploads\/2023\/05\/TJ-Marseille.jpg 1360w, https:\/\/ribeiro-avocat.com\/wp-content\/uploads\/2023\/05\/TJ-Marseille-300x169.jpg 300w, https:\/\/ribeiro-avocat.com\/wp-content\/uploads\/2023\/05\/TJ-Marseille-1024x576.jpg 1024w, https:\/\/ribeiro-avocat.com\/wp-content\/uploads\/2023\/05\/TJ-Marseille-768x432.jpg 768w, https:\/\/ribeiro-avocat.com\/wp-content\/uploads\/2023\/05\/TJ-Marseille-600x338.jpg 600w\" sizes=\"auto, (max-width: 638px) 100vw, 638px\" \/><\/span><\/p>\n<h2><span style=\"color: #000000;\"><span style=\"text-decoration: underline;\">Quelles sont les probl\u00e9matiques li\u00e9es au droit immobilier \u00e0 Marseille ?<\/span><\/span><\/h2>\n<p><span style=\"color: #000000;\">Ville de passion, Marseille comporte une vaste agglom\u00e9ration et des enjeux sp\u00e9cifiques. Le cabinet est amener \u00e0 traiter les probl\u00e9matiques suivantes : contentieux locatif, droit de la copropri\u00e9t\u00e9, droit de la vente immobili\u00e8re, droit des baux commerciaux, expertise judiciaire, vices cach\u00e9s, r\u00e9daction de contrats, ex\u00e9cution de travaux, r\u00e9siliation de bail etc. Un <strong>avocat<\/strong> exer\u00e7ant uniquement dans le droit immobilier est un atout indispensable pour mener \u00e0 un bien une <strong>proc\u00e9dure<\/strong> qui peut \u00eatre longue et difficile.\u00a0 \u00a0<\/span><\/p>\n<p><span style=\"color: #000000;\">Me Ribeiro exerce \u00e9galement \u00e0 titre accessoire l&rsquo;activit\u00e9 de <strong>mandataire immobilier<\/strong>. A ce titre, il assiste et aide ses clients \u00e0 acheter et vendre des biens immobiliers en France et \u00e0 l&rsquo;\u00e9tranger. Il peut r\u00e9diger les compromis de vente ou assister acheteurs et vendeurs dans leurs d\u00e9marches aupr\u00e8s d&rsquo;un Notaire.<\/span><\/p>\n<h3><span style=\"text-decoration: underline; color: #000000;\">Contentieux de la construction et des travaux \u00e0 Marseille<\/span><\/h3>\n<p><span style=\"color: #000000;\">Un <strong>Avocat en droit de la construction \u00e0 Marseille<\/strong> vous aide \u00e0 dans toutes les \u00e9tapes de construction. Que ce soit au moment de l&rsquo;acquisition du terrain ou du bien immobilier, de la r\u00e9daction des contrats, de la revue des march\u00e9s ou de la signature avec un architecte, Me Ribeiro vous guide et vous assiste.<\/span><\/p>\n<p><span style=\"color: #000000;\"><span style=\"color: #000000;\">Ma\u00eetre d&rsquo;ouvrage particulier, promoteur immobilier, architectes ou <span style=\"font-size: 14.4px;\">sous-traitant, les services d&rsquo;un avocat ayant l&rsquo;habitude de ces probl\u00e9matiques est indispensable pour assurer au mieux ses int\u00e9r\u00eats. <\/span><\/span><\/span><\/p>\n<p><span style=\"color: #000000;\"><span style=\"color: #000000;\">Tr\u00e8s souvent, lorsque le contentieux porte sur des malfa\u00e7ons portant sur un bien situ\u00e9 \u00e0 Marseille 13 ou ses environs, il faudra pr\u00e9alablement saisir le Tribunal judiciaire de Marseille afin de demander\u00a0 une expertise judiciaire.\u00a0<\/span><\/span><\/p>\n<h3><span style=\"text-decoration: underline; color: #000000;\">Avocat baux commerciaux \u00e0 Marseille<\/span><\/h3>\n<p><span style=\"color: #000000;\">Que vous soyez propri\u00e9taire d&rsquo;un fonds de commerce ou un bailleur, le recours \u00e0 un <strong>avocat en baux commerciaux \u00e0 Marseille<\/strong> et en droit immobilier est souvent indispensable.<\/span><\/p>\n<p style=\"text-align: justify;\"><span style=\"color: #000000;\">Le renouvellement du <strong>droit au bail<\/strong> est strictement r\u00e9glement\u00e9 et les mentions obligatoires nombreuses. Me Ribeiro de Carvalho vous assite et vous conseille dans la n\u00e9gociation lors de votre demande de renouvellement de droit immobilier.<\/span><\/p>\n<p><span style=\"color: #000000;\">A l&rsquo;inverse, un propri\u00e9taire peut \u00e9galement demander le d\u00e9part de son locataire mais devra payer une indemnit\u00e9 d&rsquo;\u00e9viction qui peut s&rsquo;av\u00e9rer couteuse. Le recours \u00e0 un avocat est alors indispensable.<\/span><\/p>\n<p style=\"text-align: justify;\"><span style=\"color: #000000;\">Vous pouvez joindre Me <strong>Ribeiro de Carvalho<\/strong> pour toutes vos probl\u00e9matiques en droit immobilier et baux commerciaux.<\/span><\/p>\n<h3><span style=\"text-decoration: underline;\"><span style=\"color: #000000; text-decoration: underline;\">Les troubles du voisinage<\/span><\/span><\/h3>\n<p><span style=\"color: #000000;\">Les <strong>troubles du voisinage \u00e0 Marseille<\/strong> sont nombreux. Il peut s&rsquo;agir de nuisances sonores, odeurs, perte d&rsquo;ensoleillement, pr\u00e9judice de vue. Le contentieux peut \u00e9galement r\u00e9sulter d&rsquo;une absence de bornage ou de l&rsquo;existence de servitudes.<\/span><\/p>\n<h3><span style=\"text-decoration: underline;\"><span style=\"color: #000000; text-decoration: underline;\">Le droit de la copropri\u00e9t\u00e9 \u00e0 Marseille (13)<\/span><\/span><\/h3>\n<p><span style=\"color: #000000;\">La proximit\u00e9 implique souvent des litiges entre voisins et ce particuli\u00e8rement dans les immeubles soumis au statut de la <strong>copropri\u00e9t\u00e9<\/strong>.\u00a0 Ces litiges peuvent porter contre le syndic, des travaux dans la copropri\u00e9t\u00e9, le r\u00e8glement de copropri\u00e9t\u00e9, l&rsquo;assembl\u00e9e g\u00e9n\u00e9rales des copropri\u00e9taires ou encore les charges de copropri\u00e9t\u00e9.\u00a0<\/span><\/p>\n<p><span style=\"color: #000000;\">Me Ribeiro propose un honoraire forfaitaire si vous souhaitez contester une assembl\u00e9e g\u00e9n\u00e9rale ou engager la responsabilit\u00e9 d&rsquo;un syndic professionnel ou b\u00e9n\u00e9vole. Lorsque l&rsquo;immeuble n&rsquo;est pas g\u00e9r\u00e9, il est possible demander par requ\u00eate au Pr\u00e9sident du Tribunal judiciaire de Marseille de placer la copropri\u00e9t\u00e9 sous la protection d&rsquo;un mandataire judiciaire.\u00a0<\/span><\/p>\n","protected":false},"excerpt":{"rendered":"<p>Avocat en droit immobilier \u00e0 Marseille Afin de vous assister dans la r\u00e9solution de vos probl\u00e8mes immobiliers vous pouvez contacter un avocat en droit immobilier \u00e0 Marseille. Me Ribeiro conseille en droit immobilier les particuliers et les professionnels. Intervenant uniquement dans le domaine du droit immobilier, le cabinet intervient quotidiennement sur toutes les probl\u00e9matiques li\u00e9es [&#8230;]\n","protected":false},"author":1,"featured_media":0,"parent":0,"menu_order":0,"comment_status":"closed","ping_status":"closed","template":"","meta":{"footnotes":""},"class_list":["post-2377","page","type-page","status-publish","hentry"],"_links":{"self":[{"href":"https:\/\/ribeiro-avocat.com\/index.php\/wp-json\/wp\/v2\/pages\/2377","targetHints":{"allow":["GET"]}}],"collection":[{"href":"https:\/\/ribeiro-avocat.com\/index.php\/wp-json\/wp\/v2\/pages"}],"about":[{"href":"https:\/\/ribeiro-avocat.com\/index.php\/wp-json\/wp\/v2\/types\/page"}],"author":[{"embeddable":true,"href":"https:\/\/ribeiro-avocat.com\/index.php\/wp-json\/wp\/v2\/users\/1"}],"replies":[{"embeddable":true,"href":"https:\/\/ribeiro-avocat.com\/index.php\/wp-json\/wp\/v2\/comments?post=2377"}],"version-history":[{"count":6,"href":"https:\/\/ribeiro-avocat.com\/index.php\/wp-json\/wp\/v2\/pages\/2377\/revisions"}],"predecessor-version":[{"id":2565,"href":"https:\/\/ribeiro-avocat.com\/index.php\/wp-json\/wp\/v2\/pages\/2377\/revisions\/2565"}],"wp:attachment":[{"href":"https:\/\/ribeiro-avocat.com\/index.php\/wp-json\/wp\/v2\/media?parent=2377"}],"curies":[{"name":"wp","href":"https:\/\/api.w.org\/{rel}","templated":true}]}}