{"id":2201,"date":"2022-10-29T12:30:49","date_gmt":"2022-10-29T10:30:49","guid":{"rendered":"https:\/\/ribeiro-avocat.com\/?page_id=2201"},"modified":"2025-02-20T15:58:51","modified_gmt":"2025-02-20T14:58:51","slug":"creation-de-societe-avocat-nice","status":"publish","type":"page","link":"https:\/\/ribeiro-avocat.com\/index.php\/creation-de-societe-avocat-nice\/","title":{"rendered":"Cr\u00e9ation de soci\u00e9t\u00e9 \u00e0 Nice"},"content":{"rendered":"<h1 style=\"text-align: center;\"><span style=\"text-decoration: underline; color: #282828;\">Cr\u00e9ation de soci\u00e9t\u00e9, Avocat \u00e0 Nice<\/span><\/h1>\n<p style=\"text-align: justify;\"><span style=\"color: #282828;\">Lors de la cr\u00e9ation d&rsquo;une entreprise, <strong>l&rsquo;Avocat en droit des soci\u00e9t\u00e9s<\/strong> vous guide et vous conseille \u00e0 chaque \u00e9tape. Me Ribeiro de Carvalho vous assiste dans la <strong>cr\u00e9ation de la soci\u00e9t\u00e9<\/strong> et vous apporte une aide juridique n\u00e9cessaire pour anticiper les difficult\u00e9s \u00e0 venir. Vous pouvez contacter le cabinet pour obtenir un devis au <span style=\"color: #003366;\"><strong>06.24.05.97.01<\/strong><\/span> ou directement par mail : <span style=\"color: #003366;\"><strong>avocat@ribeiro-dc.com<\/strong><\/span><\/span><\/p>\n<p style=\"text-align: justify;\"><span style=\"color: #282828;\">La cr\u00e9ation de soci\u00e9t\u00e9 n\u00e9cessite rigueur et attention. Le projet\u00a0 doit \u00eatre discut\u00e9 en amont avec l&rsquo;avocat afin de pr\u00e9voir la r\u00e9daction de statuts de soci\u00e9t\u00e9 parfaitement adapt\u00e9 au projet commercial. La cr\u00e9ation d&rsquo;une soci\u00e9t\u00e9 peut se faire assez rapidement si l&rsquo;ensemble des documents n\u00e9cessaires sont fournies \u00e0 l&rsquo;Avocat.<\/span><\/p>\n<h2><span style=\"color: #282828;\">Pourquoi faire appel \u00e0 un avocat en droit des soci\u00e9t\u00e9s \u00e0 Nice ?<\/span><\/h2>\n<p style=\"text-align: justify;\"><span style=\"color: #282828;\">La cr\u00e9ation d&rsquo;une entreprise est un moment crucial dans le milieu des affaires puisque les d\u00e9cisions prises auront un impact sur l&rsquo;\u00e9volution du projet ainsi que sa direction. Afin que la soci\u00e9t\u00e9 constitu\u00e9e soit le plus adapt\u00e9e aux besoin du chef d&rsquo;entreprise, il est important de s&rsquo;interroger sur plusieurs points qui n\u00e9cessite bien souvent l&rsquo;assistance d&rsquo;un <strong>avocat en droit des soci\u00e9t\u00e9s<\/strong>. <\/span><\/p>\n<p style=\"text-align: justify;\"><span style=\"color: #282828;\">Ainsi, le r\u00f4le de l&rsquo;avocat en cr\u00e9ation de soci\u00e9t\u00e9 consiste \u00e0 orienter le client vers le type de soci\u00e9t\u00e9 le plus adapt\u00e9 et de pr\u00e9server au mieux son patrimoine immobilier. Par exemple, le chef d&rsquo;entreprise peut h\u00e9siter entre deux types de soci\u00e9t\u00e9, comme la SAS ou la SARL.<\/span><\/p>\n<p style=\"text-align: justify;\"><span style=\"color: #282828;\"><strong>L&rsquo;avocat en droit des affaires<\/strong> guidera et conseillera le choix le plus adapt\u00e9 \u00e0 chaque situation. Il se chargera ensuite de r\u00e9diger les statuts de la soci\u00e9t\u00e9 et d&rsquo;effectuer les d\u00e9marches aupr\u00e8s du Tribunal de commerce de Nice.<\/span><\/p>\n<p><img loading=\"lazy\" decoding=\"async\" class=\"aligncenter wp-image-2843 size-large\" src=\"https:\/\/ribeiro-avocat.com\/wp-content\/uploads\/2025\/02\/DALL\u00b7E-2025-02-20-15.44.09-A-modern-lawyers-office-in-Nice-France-with-a-view-of-the-city-and-the-Mediterranean-Sea.-The-office-desk-is-neatly-arranged-with-legal-documents-r-1-1024x585.jpeg\" alt=\"creation soci\u00e9t\u00e9 avocat nice\" width=\"1020\" height=\"583\" srcset=\"https:\/\/ribeiro-avocat.com\/wp-content\/uploads\/2025\/02\/DALL\u00b7E-2025-02-20-15.44.09-A-modern-lawyers-office-in-Nice-France-with-a-view-of-the-city-and-the-Mediterranean-Sea.-The-office-desk-is-neatly-arranged-with-legal-documents-r-1-1024x585.jpeg 1024w, https:\/\/ribeiro-avocat.com\/wp-content\/uploads\/2025\/02\/DALL\u00b7E-2025-02-20-15.44.09-A-modern-lawyers-office-in-Nice-France-with-a-view-of-the-city-and-the-Mediterranean-Sea.-The-office-desk-is-neatly-arranged-with-legal-documents-r-1-300x171.jpeg 300w, https:\/\/ribeiro-avocat.com\/wp-content\/uploads\/2025\/02\/DALL\u00b7E-2025-02-20-15.44.09-A-modern-lawyers-office-in-Nice-France-with-a-view-of-the-city-and-the-Mediterranean-Sea.-The-office-desk-is-neatly-arranged-with-legal-documents-r-1-768x439.jpeg 768w, https:\/\/ribeiro-avocat.com\/wp-content\/uploads\/2025\/02\/DALL\u00b7E-2025-02-20-15.44.09-A-modern-lawyers-office-in-Nice-France-with-a-view-of-the-city-and-the-Mediterranean-Sea.-The-office-desk-is-neatly-arranged-with-legal-documents-r-1-1536x878.jpeg 1536w, https:\/\/ribeiro-avocat.com\/wp-content\/uploads\/2025\/02\/DALL\u00b7E-2025-02-20-15.44.09-A-modern-lawyers-office-in-Nice-France-with-a-view-of-the-city-and-the-Mediterranean-Sea.-The-office-desk-is-neatly-arranged-with-legal-documents-r-1-600x343.jpeg 600w, https:\/\/ribeiro-avocat.com\/wp-content\/uploads\/2025\/02\/DALL\u00b7E-2025-02-20-15.44.09-A-modern-lawyers-office-in-Nice-France-with-a-view-of-the-city-and-the-Mediterranean-Sea.-The-office-desk-is-neatly-arranged-with-legal-documents-r-1.jpeg 1792w\" sizes=\"auto, (max-width: 1020px) 100vw, 1020px\" \/><\/p>\n<h2><span style=\"color: #282828;\">Les \u00e9tapes dans la cr\u00e9ation d&rsquo;une soci\u00e9t\u00e9<\/span><\/h2>\n<p style=\"text-align: justify;\"><span style=\"color: #282828;\">La cr\u00e9ation et l&rsquo;immatriculation d&rsquo;une soci\u00e9t\u00e9 suivent plusieurs \u00e9tapes essentielles. Tout d&rsquo;abord, il est n\u00e9cessaire de choisir la forme juridique de l&rsquo;entreprise (SARL, SAS, SA, etc.), en fonction des besoins en capital, du r\u00e9gime fiscal et de la responsabilit\u00e9 des associ\u00e9s.<\/span><\/p>\n<p><span style=\"color: #282828;\">Ensuite, il faut r\u00e9diger les statuts de la soci\u00e9t\u00e9, qui d\u00e9finissent son fonctionnement, les droits et obligations des associ\u00e9s, ainsi que les r\u00e8gles de gestion.<\/span><\/p>\n<p style=\"text-align: justify;\"><span style=\"color: #282828;\">Apr\u00e8s cette \u00e9tape, il est n\u00e9cessaire de d\u00e9poser le capital social sur un compte bancaire bloqu\u00e9 au nom de la soci\u00e9t\u00e9 en formation. Une fois cette formalit\u00e9 accomplie, il convient de publier une annonce l\u00e9gale dans un journal habilit\u00e9 afin d\u2019informer les tiers de la cr\u00e9ation de la soci\u00e9t\u00e9.<\/span><\/p>\n<p style=\"text-align: justify;\"><span style=\"color: #282828;\"> Enfin, la demande d\u2019immatriculation doit \u00eatre d\u00e9pos\u00e9e aupr\u00e8s du guichet unique g\u00e9r\u00e9 par l\u2019INPI, qui transmettra le dossier aux organismes comp\u00e9tents (Greffe du Tribunal de Commerce, URSSAF, imp\u00f4ts, etc.). Apr\u00e8s validation, l\u2019entreprise re\u00e7oit son extrait Kbis, attestant officiellement de son existence juridique et lui permettant d\u2019exercer son activit\u00e9 en toute l\u00e9galit\u00e9.<\/span><\/p>\n<h2><span style=\"color: #282828;\">Comment l&rsquo;avocat va-t-il cr\u00e9er la soci\u00e9t\u00e9\u00a0 ?<\/span><\/h2>\n<p style=\"text-align: justify;\"><span style=\"color: #282828;\">Me Ribeiro a d\u00e9velopp\u00e9 une expertise en droit des soci\u00e9t\u00e9s et droit immobilier intervient dans tout le <strong>d\u00e9partement 06<\/strong>.<\/span><\/p>\n<p style=\"text-align: justify;\"><span style=\"color: #282828;\">Dans un premier temps, le cabinet re\u00e7oit les chefs d&rsquo;entreprises et entrepreneurs dans ses bureaux situ\u00e9s en centre ville de Nice afin d&rsquo;avoir une id\u00e9e globale de la vision du chef d&rsquo;entreprise.<\/span><span style=\"color: #282828;\">Si le client ne sait pas quelle soci\u00e9t\u00e9 il veut cr\u00e9er, la premi\u00e8re \u00e9tape sera donc de choisir entre <strong>les diff\u00e9rentes types de soci\u00e9t\u00e9 possibles<\/strong> : EURL, SARL, SAS, SELARL et etc.<\/span><\/p>\n<p style=\"text-align: justify;\"><span style=\"color: #282828;\">Une fois le choix arr\u00eat\u00e9, l&rsquo;avocat va r\u00e9diger les <strong>statuts de la soci\u00e9t\u00e9<\/strong> et les associ\u00e9s vont les signer. Un pacte d&rsquo;actionnaire peut \u00e9galement \u00eatre r\u00e9dig\u00e9 \u00e0 la demande des clients. Une fois que les statuts sont pr\u00eats, l&rsquo;avocat va r\u00e9unir l&rsquo;ensemble des documents n\u00e9cessaire \u00e0 l&rsquo;enregistrement (Cerfa, justificatif d&rsquo;identit\u00e9, d\u00e9claration d&rsquo;activit\u00e9, attestation d\u00e9p\u00f4t de fonds, publication&#8230;) et d\u00e9poser le tout au<a style=\"color: #282828;\" href=\"https:\/\/www.infogreffe.fr\/\"><strong> Greffe du Tribunal de commerce de Nice<\/strong><\/a> pour obtenir l&rsquo;immatriculation de la soci\u00e9t\u00e9.\u00a0<\/span><\/p>\n<h2><span style=\"color: #282828;\">Demander conseil dans le choix du r\u00e9gime juridique de la soci\u00e9t\u00e9<\/span><\/h2>\n<p style=\"text-align: justify;\"><span style=\"color: #282828;\">Comme indiqu\u00e9 pr\u00e9c\u00e9demment, il existe de nombreux choix sur le <strong>type de soci\u00e9t\u00e9<\/strong> :<\/span><\/p>\n<ul>\n<li><span style=\"color: #282828;\">SARL \/ EURL : Soci\u00e9t\u00e9 \u00e0 Responsabilit\u00e9 Limit\u00e9e\u00a0<\/span><\/li>\n<li><span style=\"color: #282828;\">SAS \/ SASU : Soci\u00e9t\u00e9 par Actions simplifi\u00e9es<\/span><\/li>\n<li><span style=\"color: #282828;\">SELARL \/ SELARLU : Soci\u00e9t\u00e9 d&rsquo;Exercice Lib\u00e9rale \u00e0 Responsabilit\u00e9 Limit\u00e9e ;<\/span><\/li>\n<li><span style=\"color: #282828;\">SCI : Soci\u00e9t\u00e9 Civile Immobili\u00e8re.<\/span><\/li>\n<\/ul>\n<p style=\"text-align: justify;\"><span style=\"color: #282828;\">Selon la forme de la soci\u00e9t\u00e9, la loi aura vocation \u00e0 apporter un cadre plus ou moins contraignant pour le cr\u00e9ateur en recherche de s\u00e9curit\u00e9 juridique ou de souplesse.<\/span><\/p>\n<h2><span style=\"color: #282828;\">Quel est le meilleur avocat en droit des soci\u00e9t\u00e9s \u00e0 Nice ?<\/span><\/h2>\n<p style=\"text-align: justify;\"><span style=\"color: #282828;\">Chaque <strong>avocat en droit des soci\u00e9t\u00e9s<\/strong> d\u00e9veloppe ses propres comp\u00e9tences. PRC AVOCAT a choisi de se d\u00e9marquer par son approche bilat\u00e9rale avec <strong>le <a style=\"color: #282828;\" href=\"https:\/\/ribeiro-avocat.com\/\">droit immobilier \u00e0 Nice<\/a> et les baux commerciaux.<\/strong> En effet, le cabinet a une comp\u00e9tence pointu du march\u00e9 immobilier, des ventes de fonds de commerce, le contentieux immobilier et peut \u00e9galement assister l&rsquo;entrepreneur dans la gestion de son acquisition de fonds ou de parts de soci\u00e9t\u00e9. Avec les statuts, le bail commercial est sans doute le contrat le plus important de la soci\u00e9t\u00e9. Me Ribeiro a acquis une solide exp\u00e9rience en mati\u00e8re de<strong> bail commercial \u00e0 Nice<\/strong> et ses environs. Il pourra, concomitamment \u00e0 la<strong> cr\u00e9ation de la soci\u00e9t\u00e9<\/strong>, vous assister dans l&rsquo;achat du fonds de commerce ou du droit au bail et proc\u00e9der \u00e0 la r\u00e9daction de ce dernier.<\/span><\/p>\n<p><span style=\"color: #282828;\">D\u00e9couvrez \u00e9galement :<\/span><\/p>\n<p><span style=\"color: #282828;\"><a style=\"color: #282828;\" href=\"https:\/\/ribeiro-avocat.com\/index.php\/avocat-baux-commerciaux-nice\/\">Avocat baux commerciaux \u00e0 Nice.<\/a><\/span><\/p>\n<p><span style=\"color: #282828;\"><a style=\"color: #282828;\" href=\"https:\/\/ribeiro-avocat.com\/index.php\/avocat-fonds-de-commerce-nice\/\">Avocat cession fonds de commerce \u00e0 Nice.<\/a><\/span><\/p>\n<p>\u00a0<\/p>\n","protected":false},"excerpt":{"rendered":"<p>Cr\u00e9ation de soci\u00e9t\u00e9, Avocat \u00e0 Nice Lors de la cr\u00e9ation d&rsquo;une entreprise, l&rsquo;Avocat en droit des soci\u00e9t\u00e9s vous guide et vous conseille \u00e0 chaque \u00e9tape. Me Ribeiro de Carvalho vous assiste dans la cr\u00e9ation de la soci\u00e9t\u00e9 et vous apporte une aide juridique n\u00e9cessaire pour anticiper les difficult\u00e9s \u00e0 venir. Vous pouvez contacter le cabinet [&#8230;]\n","protected":false},"author":1,"featured_media":0,"parent":0,"menu_order":0,"comment_status":"closed","ping_status":"closed","template":"","meta":{"footnotes":""},"class_list":["post-2201","page","type-page","status-publish","hentry"],"_links":{"self":[{"href":"https:\/\/ribeiro-avocat.com\/index.php\/wp-json\/wp\/v2\/pages\/2201","targetHints":{"allow":["GET"]}}],"collection":[{"href":"https:\/\/ribeiro-avocat.com\/index.php\/wp-json\/wp\/v2\/pages"}],"about":[{"href":"https:\/\/ribeiro-avocat.com\/index.php\/wp-json\/wp\/v2\/types\/page"}],"author":[{"embeddable":true,"href":"https:\/\/ribeiro-avocat.com\/index.php\/wp-json\/wp\/v2\/users\/1"}],"replies":[{"embeddable":true,"href":"https:\/\/ribeiro-avocat.com\/index.php\/wp-json\/wp\/v2\/comments?post=2201"}],"version-history":[{"count":25,"href":"https:\/\/ribeiro-avocat.com\/index.php\/wp-json\/wp\/v2\/pages\/2201\/revisions"}],"predecessor-version":[{"id":2849,"href":"https:\/\/ribeiro-avocat.com\/index.php\/wp-json\/wp\/v2\/pages\/2201\/revisions\/2849"}],"wp:attachment":[{"href":"https:\/\/ribeiro-avocat.com\/index.php\/wp-json\/wp\/v2\/media?parent=2201"}],"curies":[{"name":"wp","href":"https:\/\/api.w.org\/{rel}","templated":true}]}}