{"id":1788,"date":"2020-11-03T09:17:50","date_gmt":"2020-11-03T08:17:50","guid":{"rendered":"https:\/\/ribeiro-avocat.com\/?page_id=1788"},"modified":"2022-10-30T09:37:34","modified_gmt":"2022-10-30T08:37:34","slug":"avocat-droit-immobilier-antibes","status":"publish","type":"page","link":"https:\/\/ribeiro-avocat.com\/index.php\/avocat-droit-immobilier-antibes\/","title":{"rendered":"Droit immobilier Antibes"},"content":{"rendered":"<h1 style=\"text-align: center;\"><span style=\"text-decoration: underline; color: #000000;\">Avocat en droit immobilier \u00e0 Antibes<\/span><\/h1>\n<p style=\"text-align: justify;\"><span style=\"color: #000000;\">Compte tenu des enjeux financiers, <strong>contacter<\/strong> un <strong>avocat<\/strong> en <strong>droit immobilier<\/strong> sur <strong>Antibes<\/strong> est indispensable que ce soit pour les particuliers ou les professionnels. Me Ribeiro de Carvalho a acquis une solide exp\u00e9rience sur le conseil et le contentieux immobilier et plaide r\u00e9guli\u00e8rement \u00e0 <strong>Antibes<\/strong> et Grasse. Fondateur du <strong>Cabinet PRC AVOCAT,<\/strong> Me Ribeiro de Carvalho vous propose ses services li\u00e9s au droit immobilier.<\/span><\/p>\n<p><img loading=\"lazy\" decoding=\"async\" class=\"aligncenter wp-image-1793\" src=\"https:\/\/ribeiro-avocat.com\/wp-content\/uploads\/2020\/10\/palais-antibes.jpg\" alt=\"avocat droit immobilier antibes\" width=\"600\" height=\"400\" srcset=\"https:\/\/ribeiro-avocat.com\/wp-content\/uploads\/2020\/10\/palais-antibes.jpg 1200w, https:\/\/ribeiro-avocat.com\/wp-content\/uploads\/2020\/10\/palais-antibes-300x200.jpg 300w, https:\/\/ribeiro-avocat.com\/wp-content\/uploads\/2020\/10\/palais-antibes-1024x683.jpg 1024w, https:\/\/ribeiro-avocat.com\/wp-content\/uploads\/2020\/10\/palais-antibes-768x512.jpg 768w, https:\/\/ribeiro-avocat.com\/wp-content\/uploads\/2020\/10\/palais-antibes-600x400.jpg 600w\" sizes=\"auto, (max-width: 600px) 100vw, 600px\" \/><\/p>\n<h2><span style=\"color: #000000;\"><span style=\"text-decoration: underline;\">Quel est le r\u00f4le de l&rsquo;avocat en i<\/span><span style=\"text-decoration: underline;\">mmobilier et proc\u00e9dure d&rsquo;expulsion \u00e0 Antibes ?<\/span><\/span><\/h2>\n<p style=\"text-align: justify;\"><span style=\"color: #000000;\">Un <strong>avocat<\/strong> exer\u00e7ant quotidiennement le droit immobilier est un professionnel indispensable pour mener \u00e0 bien une proc\u00e9dure d&rsquo;expulsion que ce soit aux int\u00e9r\u00eats du propri\u00e9taire ou du locataire. D\u00e8s les premiers impay\u00e9s, il est recommand\u00e9 de s&rsquo;entourer d&rsquo;un <strong>avocat<\/strong> en <strong>droit immobilier<\/strong> qui saura vous guider et \u00e9viter les erreurs fr\u00e9quemment commises.<\/span><\/p>\n<p style=\"text-align: justify;\"><span style=\"color: #000000;\">Par exemple, il est possible <span style=\"text-decoration: underline;\">d&rsquo;entamer<\/span> une proc\u00e9dure d&rsquo;expulsion \u00e0 n&rsquo;importe quel moment de l&rsquo;ann\u00e9e et ce m\u00eame en p\u00e9riode hivernale. D\u00e8s que le commandement de payer les loyers est demeur\u00e9 infructueux pendant deux mois, l&rsquo;avocat en droit immobilier pourra saisir le <strong>Tribunal d&rsquo;instance d&rsquo;Antibes<\/strong> pour demander la r\u00e9siliation du bail d&rsquo;habitation, la condamnation \u00e0 l&rsquo;arri\u00e9r\u00e9 des loyers et l&rsquo;expulsion du locataire.<\/span><\/p>\n<p style=\"text-align: justify;\"><span style=\"color: #000000;\">N&rsquo;h\u00e9sitiez pas \u00e0 joindre Me Ribeiro de Carvalho par t\u00e9l\u00e9phone qui pourra prendre en charge toute <strong>proc\u00e9dure d&rsquo;expulsion<\/strong> sur le ressort du <strong>Tribunal d&rsquo;instance d&rsquo;Antibes.<\/strong><\/span><\/p>\n<p style=\"text-align: center;\"><span style=\"color: #000000;\"><strong>T\u00e9l : 06.24.05.97.01 ; mail avocat@ribeiro-dc.com<\/strong><\/span><\/p>\n<h2><span style=\"text-decoration: underline;\"><span style=\"color: #000000; text-decoration: underline;\">Construction et travaux<\/span><\/span><\/h2>\n<p style=\"text-align: justify;\">\n<p><span style=\"color: #000000;\">Un Avocat en droit de la construction vous assurance la connaissance pointue sur les dossiers trait\u00e9s. Que vous soyez ma\u00eetre d&rsquo;ouvrage particulier, promoteur immobilier, architectes, fournisseur de mat\u00e9riaux entreprise du b\u00e2timent ou simple sous traitant, le cabinet PRC AVOCAT pourra vous assister. Le cabinet intervient dans la r\u00e9alisation de travaux de r\u00e9novation, la construction de maison individuelle, la r\u00e9daction de contrat de construction, la promotion immobili\u00e8re, les march\u00e9s \u00e0 forfait ou encore les d\u00e9sordres de construction et expertises. Dans de nombreuses situations, un contentieux portant sur un bien situ\u00e9 sur Antibes 06 et ses environs devra pr\u00e9alablement faire l&rsquo;objet d&rsquo;un r\u00e9f\u00e9r\u00e9 expertise demand\u00e9 devant le Tribunal judiciaire de Grasse.<\/span><\/p>\n<h2><span style=\"text-decoration: underline; color: #000000;\"><strong>Pourquoi faut-il l&rsquo;intervention de l&rsquo;avocat lors d&rsquo;une transaction immobili\u00e8re \u00e0 Antibes ?<\/strong><\/span><\/h2>\n<p style=\"text-align: justify;\"><span style=\"color: #000000;\">Lorsqu&rsquo;un compromis de vente ou une promesse de <strong>vente<\/strong> d&rsquo;un <strong>bien immobilier<\/strong> est sign\u00e9 entre deux parties et que l&rsquo;une des parties souhaite se r\u00e9tracter, l&rsquo;intervention d&rsquo;un avocat expert en droit immobilier est indispensable.<\/span><\/p>\n<p style=\"text-align: justify;\"><span style=\"color: #000000;\">Si vous \u00eates vendeur, Me Ribeiro de Carvalho peut vous assister pour obtenir des <strong>dommages<\/strong> et <strong>int\u00e9r\u00eats.<\/strong> Les actes notari\u00e9s comprennent syst\u00e9matiquement une <strong>clause p\u00e9nale<\/strong> ou une indemnit\u00e9 d&rsquo;immobilisation. D\u00e8s lors, et si aucun accord est trouv\u00e9, l&rsquo;avocat peut saisir le Tribunal judiciaire<\/span><\/p>\n<p style=\"text-align: justify;\"><span style=\"color: #000000;\">Si vous \u00eates acqu\u00e9reur, Me <strong>Ribeiro de Carvalho<\/strong> peut analyser les compromis de vente et\/ou promesses de vente afin de trouver un fondement juridique pour emp\u00eacher la <strong>r\u00e9it\u00e9ration de l&rsquo;acte<\/strong> si vos droits ne sont pas respect\u00e9s.<\/span><\/p>\n<h2><span style=\"text-decoration: underline; color: #000000;\">Comment l&rsquo;avocat conseille les copropri\u00e9t\u00e9s \u00e0 Antibes ?<\/span><\/h2>\n<p style=\"text-align: justify;\"><span style=\"color: #000000;\">Un <strong>avocat en droit immobilier<\/strong> assiste et conseille les particuliers et les syndics professionnels sur les probl\u00e9matiques li\u00e9es \u00e0 la copropri\u00e9t\u00e9.<\/span><\/p>\n<p style=\"text-align: justify;\"><span style=\"color: #000000;\">Que ce soit des troubles du voisinages, des dommages dans les <strong>parties privatives<\/strong> et commines ou des recouvrements de charges impay\u00e9s, Me Ribeiro de Carvalho peut prot\u00e9gez vos droits. Il intervient r\u00e9guli\u00e8rement dans le contentieux immobilier et plus pr\u00e9cis\u00e9ment sur le <strong>contentieux<\/strong> de la <strong>copropri\u00e9t\u00e9.<\/strong><\/span><\/p>\n<h2><span style=\"text-decoration: underline; color: #000000;\">Le bail commercial et la cession de bail\u00a0<\/span><\/h2>\n<p style=\"text-align: justify;\"><span style=\"color: #000000;\">Si vous \u00eates un chef d&rsquo;entreprise, un commer\u00e7ant ou un propri\u00e9taire foncier, Me Ribeiro de Carvalho peut vous assister dans la r\u00e9daction et la revue de votre\u00a0 bail commercial. Les d\u00e9lais sont particuli\u00e8rement importants dans le domaine des baux commerciaux. En effet, le renouvellement de bail est encadr\u00e9 dans des d\u00e9lais tr\u00e8s strictes qui peuvent entrainer des cons\u00e9quences juridiques, fiscales et financi\u00e8res importantes tant pour le bailleur que pour le locataire. Le cabinet vous assiste dans la n\u00e9gociation lors d&rsquo;une demande de renouvellement de bail ou de cong\u00e9. La proc\u00e9dure de d\u00e9plafonnement est \u00e9galement un outil indispensable pour valoriser son patrimoine ou prot\u00e9ger son fonds de commerce.<\/span><\/p>\n<p style=\"text-align: justify;\"><span style=\"color: #000000;\">N&rsquo;h\u00e9sitez pas \u00e0 joindre le cabinet de Me <strong>Ribeiro de Carvalho<\/strong> pour toutes vos probl\u00e9matiques en droit immobilier et baux commerciaux.<\/span><\/p>\n<h2><span style=\"text-decoration: underline; color: #000000;\">Qu&rsquo;est ce qu&rsquo;un avocat mandataire immobilier ?<\/span><\/h2>\n<p style=\"text-align: justify;\"><span style=\"color: #000000;\">Les <strong>prix de l&rsquo;immobilier<\/strong> sur la <strong>C\u00f4te d&rsquo;Azur<\/strong> sont parmi les plus \u00e9lev\u00e9s de France apr\u00e8s Paris. Me Ribeiro de Carvalho est Mandataire immobilier, membre de l&rsquo;Association des Avocats en Transaction immobili\u00e8res (AAMTI). A cet effet, il peut vous aider dans <strong>l&rsquo;achat<\/strong> ou la <strong>vente<\/strong> de <strong>bien immobilier<\/strong> sur <strong>Antibes<\/strong> et ses environs.<\/span><\/p>\n<p style=\"text-align: justify;\"><span style=\"color: #000000;\">Connaissant parfaitement le march\u00e9 immobilier de la r\u00e9gion, Me Ribeiro de Carvalho peut \u00eatre mandat\u00e9 pour <strong>vendre<\/strong> ou rechercher des <strong>biens immobiliers<\/strong> sur <strong>Antibes.<\/strong><\/span><\/p>\n<div class=\"row\"  id=\"row-1507639543\">\n\n\t<div id=\"col-1342879471\" class=\"col medium-4 small-12 large-4\"  >\n\t\t\t\t<div class=\"col-inner\"  >\n\t\t\t\n\t\t\t\n\t\t<\/div>\n\t\t\t\t\t<\/div>\n\n\t\n\n\t<div id=\"col-1060101377\" class=\"col medium-4 small-12 large-4\"  >\n\t\t\t\t<div class=\"col-inner\"  >\n\t\t\t\n\t\t\t\n\t<div class=\"img has-hover x md-x lg-x y md-y lg-y\" id=\"image_1114272441\">\n\t\t\t\t\t\t\t\t<div class=\"img-inner dark\" >\n\t\t\t<img loading=\"lazy\" decoding=\"async\" width=\"512\" height=\"175\" src=\"https:\/\/ribeiro-avocat.com\/wp-content\/uploads\/2020\/10\/immobilierr.jpg\" class=\"attachment-large size-large\" alt=\"\" srcset=\"https:\/\/ribeiro-avocat.com\/wp-content\/uploads\/2020\/10\/immobilierr.jpg 512w, https:\/\/ribeiro-avocat.com\/wp-content\/uploads\/2020\/10\/immobilierr-300x103.jpg 300w\" sizes=\"auto, (max-width: 512px) 100vw, 512px\" \/>\t\t\t\t\t\t\n\t\t\t\t\t<\/div>\n\t\t\t\t\t\t\t\t\n<style>\n#image_1114272441 {\n  width: 100%;\n}\n<\/style>\n\t<\/div>\n\t\n\t\t<\/div>\n\t\t\t\t\t<\/div>\n\n\t\n\n\t<div id=\"col-79129167\" class=\"col medium-4 small-12 large-4\"  >\n\t\t\t\t<div class=\"col-inner\"  >\n\t\t\t\n\t\t\t\n\t\t<\/div>\n\t\t\t\t\t<\/div>\n\n\t\n<\/div>\n","protected":false},"excerpt":{"rendered":"<p>Avocat en droit immobilier \u00e0 Antibes Compte tenu des enjeux financiers, contacter un avocat en droit immobilier sur Antibes est indispensable que ce soit pour les particuliers ou les professionnels. Me Ribeiro de Carvalho a acquis une solide exp\u00e9rience sur le conseil et le contentieux immobilier et plaide r\u00e9guli\u00e8rement \u00e0 Antibes et Grasse. Fondateur du [&#8230;]\n","protected":false},"author":1,"featured_media":0,"parent":0,"menu_order":0,"comment_status":"closed","ping_status":"closed","template":"","meta":{"footnotes":""},"class_list":["post-1788","page","type-page","status-publish","hentry"],"_links":{"self":[{"href":"https:\/\/ribeiro-avocat.com\/index.php\/wp-json\/wp\/v2\/pages\/1788","targetHints":{"allow":["GET"]}}],"collection":[{"href":"https:\/\/ribeiro-avocat.com\/index.php\/wp-json\/wp\/v2\/pages"}],"about":[{"href":"https:\/\/ribeiro-avocat.com\/index.php\/wp-json\/wp\/v2\/types\/page"}],"author":[{"embeddable":true,"href":"https:\/\/ribeiro-avocat.com\/index.php\/wp-json\/wp\/v2\/users\/1"}],"replies":[{"embeddable":true,"href":"https:\/\/ribeiro-avocat.com\/index.php\/wp-json\/wp\/v2\/comments?post=1788"}],"version-history":[{"count":27,"href":"https:\/\/ribeiro-avocat.com\/index.php\/wp-json\/wp\/v2\/pages\/1788\/revisions"}],"predecessor-version":[{"id":2254,"href":"https:\/\/ribeiro-avocat.com\/index.php\/wp-json\/wp\/v2\/pages\/1788\/revisions\/2254"}],"wp:attachment":[{"href":"https:\/\/ribeiro-avocat.com\/index.php\/wp-json\/wp\/v2\/media?parent=1788"}],"curies":[{"name":"wp","href":"https:\/\/api.w.org\/{rel}","templated":true}]}}