{"id":175,"date":"2018-04-15T13:16:31","date_gmt":"2018-04-15T11:16:31","guid":{"rendered":"http:\/\/ribeiro-avocat.com\/?page_id=175"},"modified":"2019-04-22T17:20:51","modified_gmt":"2019-04-22T15:20:51","slug":"conseil-juridique","status":"publish","type":"page","link":"https:\/\/ribeiro-avocat.com\/index.php\/conseil-juridique\/","title":{"rendered":"Conseil juridique"},"content":{"rendered":"    <div class=\"box has-hover has-hover box-text-bottom\" >\n\n                  <div class=\"box-image \" style=\"width:18%;\">\n           <div class=\"box-image-inner image-cover\" style=\"border-radius:100%;padding-top:100%;\">\n              <img loading=\"lazy\" decoding=\"async\" width=\"800\" height=\"600\" src=\"https:\/\/ribeiro-avocat.com\/wp-content\/uploads\/2018\/04\/code-civil.jpg\" class=\"attachment- size-\" alt=\"\" srcset=\"https:\/\/ribeiro-avocat.com\/wp-content\/uploads\/2018\/04\/code-civil.jpg 800w, https:\/\/ribeiro-avocat.com\/wp-content\/uploads\/2018\/04\/code-civil-300x225.jpg 300w, https:\/\/ribeiro-avocat.com\/wp-content\/uploads\/2018\/04\/code-civil-768x576.jpg 768w, https:\/\/ribeiro-avocat.com\/wp-content\/uploads\/2018\/04\/code-civil-600x450.jpg 600w\" sizes=\"auto, (max-width: 800px) 100vw, 800px\" \/>                         <\/div>\n          <\/div>\n         \n          <div class=\"box-text text-center is-large\" >\n                <div class=\"box-text-inner\">\n                  <h4 class=\"uppercase\">\n                    <span class=\"person-name\">CONSEIL JURIDIQUE<\/span><br\/>\n                    <span class=\"person-title is-small thin-font op-7\">\n                                          <\/span>\n                  <\/h4>\n\t\t\t\t\t\n                <\/div>\n          <\/div>\n    <\/div>\n\n\t\n    \n<p>L&rsquo;achat d&rsquo;un bien immobilier est un formidable investissement permettant de d\u00e9velopper de mani\u00e8re s\u00e9curis\u00e9 son patrimoine.<\/p>\n<p>N\u00e9anmoins, au regard des enjeux financiers , il est important de bien savoir pr\u00e9parer l&rsquo;op\u00e9ration afin de garantir son succ\u00e8s et \u00e9viter les risques inh\u00e9rents.<\/p>\n<p>C&rsquo;est pourquoi un professionnel de l&rsquo;immobilier est donc un partenaire indispensable : l&rsquo;Avocat mandataire immobilier se distingue des autres professionnels du milieu en vous apportant des conseils avant, pendant et apr\u00e8s l&rsquo;op\u00e9ration.<\/p>\n<p>Ma\u00eetre RIBEIRO DE CARVALHO vous permet de vous assister\u00a0<span style=\"text-decoration: underline;\">en amont<\/span> de votre projet :<\/p>\n<p>-Conseil sur le mode d&rsquo;acquisition<br \/>\n-R\u00e9daction des statuts de S.C.I si n\u00e9cessaire<br \/>\n-Contr\u00f4le du r\u00e8glement de copropri\u00e9t\u00e9<br \/>\n-V\u00e9rification des servitudes<br \/>\n-Purge droit de pr\u00e9emption<br \/>\n-R\u00e9daction des offres d&rsquo;achat<br \/>\n-R\u00e9daction du compromis de vente<br \/>\n-D\u00e9clarations et d\u00e9marches administratives compl\u00e8te.<\/p>\n    <div class=\"box has-hover has-hover box-text-bottom\" >\n\n                  <div class=\"box-image \" style=\"width:18%;\">\n           <div class=\"box-image-inner image-cover\" style=\"border-radius:100%;padding-top:100%;\">\n              <img loading=\"lazy\" decoding=\"async\" width=\"800\" height=\"536\" src=\"https:\/\/ribeiro-avocat.com\/wp-content\/uploads\/2018\/04\/avocat-robe-1.jpg\" class=\"attachment- size-\" alt=\"\" srcset=\"https:\/\/ribeiro-avocat.com\/wp-content\/uploads\/2018\/04\/avocat-robe-1.jpg 800w, https:\/\/ribeiro-avocat.com\/wp-content\/uploads\/2018\/04\/avocat-robe-1-300x201.jpg 300w, https:\/\/ribeiro-avocat.com\/wp-content\/uploads\/2018\/04\/avocat-robe-1-768x515.jpg 768w, https:\/\/ribeiro-avocat.com\/wp-content\/uploads\/2018\/04\/avocat-robe-1-600x402.jpg 600w\" sizes=\"auto, (max-width: 800px) 100vw, 800px\" \/>                         <\/div>\n          <\/div>\n         \n          <div class=\"box-text text-center is-large\" >\n                <div class=\"box-text-inner\">\n                  <h4 class=\"uppercase\">\n                    <span class=\"person-name\">SECRET PROFESSIONNEL<\/span><br\/>\n                    <span class=\"person-title is-small thin-font op-7\">\n                                          <\/span>\n                  <\/h4>\n\t\t\t\t\t\n<a href=\"https:\/\/ribeiro-avocat.com\/index.php\/secret-professionnel\/\" class=\"button primary\" style=\"border-radius:99px;\">\n\t\t<span>SUIVANT<\/span>\n\t<\/a>\n\n                <\/div>\n          <\/div>\n    <\/div>\n\n\t\n    \n","protected":false},"excerpt":{"rendered":"<p>L&rsquo;achat d&rsquo;un bien immobilier est un formidable investissement permettant de d\u00e9velopper de mani\u00e8re s\u00e9curis\u00e9 son patrimoine. N\u00e9anmoins, au regard des enjeux financiers , il est important de bien savoir pr\u00e9parer l&rsquo;op\u00e9ration afin de garantir son succ\u00e8s et \u00e9viter les risques inh\u00e9rents. C&rsquo;est pourquoi un professionnel de l&rsquo;immobilier est donc un partenaire indispensable : l&rsquo;Avocat mandataire [&#8230;]\n","protected":false},"author":1,"featured_media":0,"parent":0,"menu_order":0,"comment_status":"closed","ping_status":"closed","template":"","meta":{"footnotes":""},"class_list":["post-175","page","type-page","status-publish","hentry"],"_links":{"self":[{"href":"https:\/\/ribeiro-avocat.com\/index.php\/wp-json\/wp\/v2\/pages\/175","targetHints":{"allow":["GET"]}}],"collection":[{"href":"https:\/\/ribeiro-avocat.com\/index.php\/wp-json\/wp\/v2\/pages"}],"about":[{"href":"https:\/\/ribeiro-avocat.com\/index.php\/wp-json\/wp\/v2\/types\/page"}],"author":[{"embeddable":true,"href":"https:\/\/ribeiro-avocat.com\/index.php\/wp-json\/wp\/v2\/users\/1"}],"replies":[{"embeddable":true,"href":"https:\/\/ribeiro-avocat.com\/index.php\/wp-json\/wp\/v2\/comments?post=175"}],"version-history":[{"count":24,"href":"https:\/\/ribeiro-avocat.com\/index.php\/wp-json\/wp\/v2\/pages\/175\/revisions"}],"predecessor-version":[{"id":1106,"href":"https:\/\/ribeiro-avocat.com\/index.php\/wp-json\/wp\/v2\/pages\/175\/revisions\/1106"}],"wp:attachment":[{"href":"https:\/\/ribeiro-avocat.com\/index.php\/wp-json\/wp\/v2\/media?parent=175"}],"curies":[{"name":"wp","href":"https:\/\/api.w.org\/{rel}","templated":true}]}}