{"id":1179,"date":"2019-04-28T20:18:03","date_gmt":"2019-04-28T18:18:03","guid":{"rendered":"https:\/\/ribeiro-avocat.com\/?page_id=1179"},"modified":"2025-04-09T14:31:03","modified_gmt":"2025-04-09T12:31:03","slug":"vente-aux-encheres-nice","status":"publish","type":"page","link":"https:\/\/ribeiro-avocat.com\/index.php\/vente-aux-encheres-nice\/","title":{"rendered":"Vente aux ench\u00e8res"},"content":{"rendered":"<h1 style=\"text-align: center;\"><span style=\"text-decoration: underline; font-size: 75%; color: #000000;\"><b>Comment acheter un bien aux ench\u00e8res immobili\u00e8res \u00e0 Nice ?<\/b><\/span><\/h1>\n<p style=\"text-align: justify;\"><span style=\"font-weight: 400; color: #000000;\">Peu utilis\u00e9es par les <strong>justiciables<\/strong> contrairement au <strong>marchands de biens<\/strong> et professionnels de l\u2019immobilier, les <strong>ventes aux ench\u00e8res<\/strong> pr\u00e9sentent pourtant de formidables opportunit\u00e9s d\u2019acc\u00e9der \u00e0 la propri\u00e9t\u00e9.<\/span><\/p>\n<p><span style=\"font-weight: 400; color: #000000;\">Vous trouverez ci-dessous quelques r\u00e9ponses aux questions les plus couramment pos\u00e9es. Me Ribeiro de Carvalho, <a style=\"color: #000000;\" href=\"https:\/\/ribeiro-avocat.com\/\">Avocat en droit immobilier \u00e0 Nice<\/a> est \u00e0 votre disposition pour vous assister dans les <strong>ventes aux ench\u00e8res<\/strong>. Vous pouvez le contacter au 06.24.05.97.01 pour toutes questions \u00e9ventuelles.<\/span><\/p>\n<p style=\"text-align: justify;\"><span style=\"text-decoration: underline; color: #000000;\"><strong>La particularit\u00e9 de Me Ribeiro de Carvalho, sa connaissance pr\u00e9cise du march\u00e9 immobilier<\/strong><\/span><\/p>\n<p style=\"text-align: justify;\"><span style=\"font-weight: 400; color: #000000;\">Me Ribeiro de Carvalho pratique depuis de nombreuses ann\u00e9es l&rsquo;activit\u00e9 de mandataire immobilier. A ce titre il re\u00e7oit de la part de ses clients des mandats de vente ou de recherche de biens immobiliers sur la C\u00f4te d&rsquo;Azur mais \u00e9galement \u00e0 Paris et en Corse notamment dans l&rsquo;immobilier de prestige.<\/span><\/p>\n<p style=\"text-align: justify;\"><span style=\"color: #000000;\">Lui m\u00eame investisseur, il a acquis une solide exp\u00e9rience sur le march\u00e9 immobilier et peut vous conseiller sur l&rsquo;\u00e9valuation d&rsquo;un bien immobilier. Etant passionn\u00e9 d&rsquo;immobilier, Me Ribeiro va au del\u00e0 d&rsquo;un simple avis juridique et peut vous conseiller sur la valorisation de votre patrimoine. Vous vous demander quelle est la valeur de l&rsquo;appartement ou de la maison que <strong>vous souhaitez achetez aux ench\u00e8res \u00e0 Nice ?<\/strong> Me Ribeiro pour vous donner un avis de valeur. Vous pouvez \u00e9galement consulter la liste des biens qu&rsquo;il propose \u00e0 la vente <a href=\"https:\/\/ribeiro-avocat.com\/index.php\/biens-a-vendre\/\">sur cette page.<\/a><\/span><\/p>\n<h3><span style=\"color: #000000;\"><strong><span style=\"text-decoration: underline;\">Quels sont les honoraires ?<\/span><\/strong><\/span><\/h3>\n<p style=\"text-align: justify;\"><span style=\"color: #000000;\">Les honoraires de mettre Ribeiro de Carvalho pour porter les <strong>ench\u00e8res<\/strong> sont de 250 \u20ac HT (300\u20ac TTC). Ces honoraires sont r\u00e9gl\u00e9s avant l&rsquo;audience et ce quelque soit le r\u00e9sultat de l&rsquo;ench\u00e8re.<\/span><\/p>\n<p><span style=\"color: #000000;\">Si vous remportez les ench\u00e8res, il conviendra de pr\u00e9voir un honoraire forfaitaire compl\u00e9mentaire de 1.000 \u20ac HT (1.200 \u20ac TTC). Ce honoraire n&rsquo;est d\u00fb que si vous remportez les d\u00e9marches et correspond au travail effectu\u00e9 par l&rsquo;Avocat\u00a0 pour vous accompagner jusqu&rsquo;\u00e0 ce que vous soyez propri\u00e9taire.<\/span><\/p>\n<p style=\"text-align: justify;\"><span style=\"color: #000000;\">A Nice, les ench\u00e8res ont lieu tous les jeudi \u00e0 9 heures au Palais Rusca sis Place du Palais.<\/span><\/p>\n<h3><span style=\"color: #000000;\"><strong><span style=\"text-decoration: underline;\">Quels documents dois-je remettre \u00e0 l&rsquo;Avocat ?<\/span><\/strong><\/span><\/h3>\n<p style=\"text-align: justify;\"><span style=\"font-weight: 400; color: #000000;\">Si vous \u00eates d\u00e9clar\u00e9 adjudicataire, votre avocat doit \u00eatre en mesure de produire au Tribunal les \u00e9l\u00e9ments suivants :\u00a0<\/span><\/p>\n<ul>\n<li><span style=\"font-weight: 400; color: #000000;\">Copie d&rsquo;une carte d&rsquo;identit\u00e9 recto verso ;<\/span><\/li>\n<li><span style=\"color: #000000;\">Ch\u00e8que de banque \u00e0 l&rsquo;ordre de \u00ab\u00a0Monsieur le B\u00e2tonnier de l&rsquo;Orde\u00a0\u00bb<\/span><\/li>\n<li><span style=\"color: #000000;\">Une attestation sur l&rsquo;honneur de non condamnation (remis par l&rsquo;avocat)<\/span><\/li>\n<li><span style=\"color: #000000;\">Une d\u00e9claration d&rsquo;adjudication (r\u00e9dig\u00e9 par l&rsquo;avocat).<\/span><\/li>\n<li><span style=\"color: #000000;\">Un KBIS avec Proc\u00e8s verbal d&rsquo;assembl\u00e9e g\u00e9n\u00e9rale si c&rsquo;est une entreprise qui porte les ench\u00e8res<\/span><\/li>\n<\/ul>\n<p>\u00a0<\/p>\n<p><span style=\"color: #000000;\"><img loading=\"lazy\" decoding=\"async\" class=\"aligncenter wp-image-2352 size-full\" src=\"https:\/\/ribeiro-avocat.com\/wp-content\/uploads\/2023\/03\/encheres-immobilieres-notariales_0.jpg\" alt=\"\" width=\"628\" height=\"430\" srcset=\"https:\/\/ribeiro-avocat.com\/wp-content\/uploads\/2023\/03\/encheres-immobilieres-notariales_0.jpg 628w, https:\/\/ribeiro-avocat.com\/wp-content\/uploads\/2023\/03\/encheres-immobilieres-notariales_0-300x205.jpg 300w, https:\/\/ribeiro-avocat.com\/wp-content\/uploads\/2023\/03\/encheres-immobilieres-notariales_0-600x411.jpg 600w\" sizes=\"auto, (max-width: 628px) 100vw, 628px\" \/><\/span><\/p>\n<p style=\"text-align: justify;\"><span style=\"color: #000000;\"><strong><span style=\"text-decoration: underline;\">Quels sont les frais suppl\u00e9mentaires que je devrai payer dans le cadre de cette vente aux ench\u00e8res<\/span><\/strong><\/span><\/p>\n<ul>\n<li style=\"font-weight: 400;\"><span style=\"font-weight: 400; color: #000000;\">Les frais pr\u00e9alables qui correspondent aux frais de proc\u00e9dure rendus n\u00e9cessaires pour parvenir \u00e0 la vente. Ces frais sont communiqu\u00e9s le jour de l\u2019audience ;<\/span><\/li>\n<li style=\"font-weight: 400;\"><span style=\"font-weight: 400; color: #000000;\">Les \u00e9moluments proportionnels au prix de la vente ;<\/span><\/li>\n<li style=\"font-weight: 400;\"><span style=\"font-weight: 400; color: #000000;\">Les droits d\u2019enregistrement vers\u00e9s \u00e0 l\u2019Etat ;<\/span><\/li>\n<li style=\"font-weight: 400;\"><span style=\"font-weight: 400; color: #000000;\">Les frais d\u2019hypoth\u00e8ques ;\u00a0<\/span><\/li>\n<li style=\"font-weight: 400;\"><span style=\"font-weight: 400; color: #000000;\">Les honoraires de l\u2019Avocat.<\/span><\/li>\n<\/ul>\n<p style=\"text-align: justify;\"><span style=\"color: #000000;\"><span style=\"font-weight: 400;\">Ces frais repr\u00e9sentent <\/span><b>entre 10 et 15%<\/b><span style=\"font-weight: 400;\"> du prix d\u2019adjudication de l\u2019immeuble (en plus du prix d\u2019adjudication donc). Vous devez donc pr\u00e9voir dans votre budget ces 15 % en plus de votre montant maximum d\u2019ench\u00e8re.<\/span><\/span><\/p>\n<h3><span style=\"color: #000000;\"><strong><span style=\"text-decoration: underline;\">Comment savoir qu\u2019un bien immobilier va \u00eatre mis en vente aux ench\u00e8res ?<\/span> <\/strong><\/span><\/h3>\n<p style=\"text-align: justify;\"><span style=\"color: #000000;\"><span style=\"font-weight: 400;\">Un <strong>bien immobilier<\/strong> prochainement vendu aux ench\u00e8res fera l\u2019objet d\u2019une <\/span><b>publicit\u00e9 <\/b><span style=\"font-weight: 400;\">un mois avant cette vente. Cette publicit\u00e9 se fait sur des affiches placard\u00e9es sur le bien mais surtout dans la presse sp\u00e9cialis\u00e9e. Vous trouverez <\/span><span style=\"font-weight: 400;\">par exemple<\/span><span style=\"font-weight: 400;\"> les annonces sur\u00a0 le site des <a style=\"color: #000000;\" href=\"https:\/\/www.petitesaffiches.fr\/encheres-immobilieres\/vente\/immobiliere\/appartement\/nice.html\">Petites Affiches<\/a>, <a style=\"color: #000000;\" href=\"https:\/\/tribuca.net\/ventes\/\">Tribuca<\/a>, <a style=\"color: #000000;\" href=\"https:\/\/www.encheres-publiques.com\/\">Encheres Publique<\/a> et Licitor.<\/span><\/span><\/p>\n<h3><span style=\"color: #000000;\"><strong><span style=\"text-decoration: underline;\">L&rsquo;Avocat est-il obligatoire ?<\/span><\/strong><\/span><\/h3>\n<p><span style=\"color: #000000;\">L&rsquo;avocat est effectivement obligatoire pour porter les ench\u00e8res devant un Tribunal. L&rsquo;Avocat s&rsquo;assure ainsi que l&rsquo;ench\u00e9risseur r\u00e9uni les conditions l\u00e9gales pour \u00eatre en mesure d&rsquo;acheter un bien immobilier.<\/span><\/p>\n<h3><span style=\"color: #000000;\"><strong><span style=\"text-decoration: underline;\">Puis-je acheter un bien immobilier situ\u00e9 n\u2019importe o\u00f9 en France devant le Tribunal de Grande Instance de Nice ?<\/span><\/strong><\/span><\/h3>\n<p><span style=\"color: #000000;\"><span style=\"font-weight: 400;\">Le <strong>Code des proc\u00e9dures civiles d\u2019ex\u00e9cution<\/strong> apporte une r\u00e9ponse claire : \u201c<\/span><i><span style=\"font-weight: 400;\">La saisie immobili\u00e8re est poursuivie devant le juge de l&rsquo;ex\u00e9cution du tribunal de grande instance dans le ressort duquel est situ\u00e9 l&rsquo;immeuble saisi<\/span><\/i><span style=\"font-weight: 400;\">.\u201d<\/span><\/span><\/p>\n<p><span style=\"font-weight: 400; color: #000000;\">La r\u00e9ponse est donc n\u00e9gative.<\/span><\/p>\n<p><span style=\"font-weight: 400; color: #000000;\">Vous pourrez en revanche <strong>acqu\u00e9rir<\/strong> n\u2019importe quel bien immobilier qui se trouve dans le ressort du <strong>tribunal de Grande Instance de la ville de Nice<\/strong>, les deux limites littorales \u00e9tant \u00e0 l\u2019Est Saint-Laurent du Var et Menton \u00e0 l\u2019Ouest.<\/span><\/p>\n<h3><span style=\"color: #000000;\"><span style=\"font-weight: 400;\"><span style=\"text-decoration: underline;\">Quel est l\u2019int\u00e9r\u00eat d\u2019acheter un bien immobilier aux ench\u00e8res ?<\/span> <\/span><\/span><\/h3>\n<p><span style=\"font-weight: 400; color: #000000;\">Les trois int\u00e9r\u00eats majeurs sont :<\/span><\/p>\n<ul>\n<li style=\"font-weight: 400;\"><span style=\"font-weight: 400; color: #000000;\">Le prix : les <strong>biens en vente<\/strong> sont souvent propos\u00e9s \u00e0 des prix d\u00e9risoires et il arrive fr\u00e9quemment que les biens partent \u00e0 des prix 20 \u00e0 30 % en dessous du prix du march\u00e9.<br \/><\/span><\/li>\n<li style=\"font-weight: 400;\"><span style=\"font-weight: 400; color: #000000;\"><span style=\"font-weight: 400;\">La rapidit\u00e9 : \u00a0Le prix devant \u00eatre r\u00e9gl\u00e9 dans les 2 mois, vous disposerez en principe du bien plus rapidement que lors d\u2019une vente classique.<\/span><\/span><\/li>\n<li style=\"font-weight: 400;\"><span style=\"font-weight: 400; color: #000000;\">La diversit\u00e9 : La <strong>vente aux ench\u00e8res<\/strong> vous permet d\u2019avoir acc\u00e8s \u00e0 un panel diversifi\u00e9 de biens immobiliers que vous n\u2019auriez sans doute jamais eu l\u2019id\u00e9e d\u2019acheter ou encore des biens immobiliers difficilement trouvables ailleurs : bien appartenant \u00e0 l\u2019Etat, \u00e0 des associations etc.<\/span><\/li>\n<\/ul>\n<h3><span style=\"color: #000000;\"><strong><span style=\"text-decoration: underline;\">Que faire si je suis int\u00e9ress\u00e9 par un bien immobilier qui fera l\u2019objet d\u2019une vente aux ench\u00e8res ?<\/span> <\/strong><\/span><\/h3>\n<p><span style=\"color: #000000;\"><span style=\"font-weight: 400;\">Premi\u00e8rement, il faudra que vous vous fournissiez tous les renseignements utiles concernant ledit bien et notamment consulter <\/span><span style=\"font-weight: 400;\">le <strong>cahier des charges<\/strong><\/span><span style=\"font-weight: 400;\"> (<\/span><span style=\"font-weight: 400;\">ensemble des documents relatifs au bien remis entre les mains du notaire ou de l\u2019avocat charg\u00e9 de la vente (proc\u00e8s-verbal d\u2019assembl\u00e9e de copropri\u00e9t\u00e9, diagnostics, contrat de bail si le bien est lou\u00e9, charges, etc.). <\/span><\/span><\/p>\n<p><span style=\"font-weight: 400; color: #000000;\">Pour cela, Ma\u00eetre Ribeiro de Carvalho, <a style=\"color: #000000;\" href=\"https:\/\/ribeiro-avocat.com\/\">avocat en droit immobilier \u00e0 Nice<\/a>, peut vous <strong>accompagner<\/strong> dans cette d\u00e9marche en se rapprochant du cabinet d\u2019avocat charg\u00e9 de la <strong>vente du bien<\/strong> afin de vous fournir des informations essentielles comme le descriptif de l\u2019immeuble, les conditions d\u2019occupations de l\u2019immeuble ou encore les charges de copropri\u00e9t\u00e9.<\/span><\/p>\n<p><span style=\"font-weight: 400; color: #000000;\">Il sera ensuite temps de visiter le bien. Le jour de la visite est fix\u00e9 en g\u00e9n\u00e9ral entre 7 \u00e0 14 jours avant la vente et l\u2019information est alors disponible sur l\u2019annonce l\u00e9gale. Vous n\u2019avez pas besoin de prendre de rendez-vous car les jours de visite sont fix\u00e9s avant. Il faudra donc que vous soyez disponibles pendant les jours pr\u00e9cis\u00e9s sur l\u2019annonce.<\/span><\/p>\n<p><span style=\"color: #000000;\"><span style=\"font-weight: 400;\">Ensuite, le Code des proc\u00e9dures civiles d\u2019ex\u00e9cution impose aux parties de constituer <\/span><b>avocat<\/b><span style=\"font-weight: 400;\">. En effet, par soucis de s\u00e9curit\u00e9 juridique, vous devez obligatoirement \u00eatre assist\u00e9 par un avocat pour porter les ench\u00e8res. <\/span><\/span><\/p>\n<h3><span style=\"color: #000000;\"><strong><span style=\"text-decoration: underline;\">Que se passe-t-il si je remporte l\u2019ench\u00e8re ?<\/span><\/strong><\/span><\/h3>\n<p><span style=\"font-weight: 400; color: #000000;\">Vous l\u2019emportez, mais\u2026 <\/span><\/p>\n<p style=\"text-align: justify;\"><span style=\"font-weight: 400; color: #000000;\">Cela peut vous para\u00eetre curieux mais m\u00eame si vous avez \u201cremport\u00e9\u201d l\u2019ench\u00e8re, il faudra encore attendre un d\u00e9lai de 10 jours.\u00a0 En effet, toute personne pourra surench\u00e9rir de 10% du prix du bien\u00a0pendant ce d\u00e9lai.<\/span><\/p>\n<p style=\"text-align: justify;\"><span style=\"color: #000000;\"><span style=\"font-weight: 400;\">Pass\u00e9 ce d\u00e9lai, vous devrez payer le <strong>prix de vente<\/strong> dans les 60 jours sinon vous vous exposez \u00e0 des<\/span><span style=\"font-weight: 400;\">\u00a0p\u00e9nalit\u00e9s de retard.<\/span><\/span><\/p>\n<h3><span style=\"color: #000000;\"><strong><span style=\"text-decoration: underline;\">Que se passe-t-il si je remporte l\u2019ench\u00e8re mais que je ne paye pas la somme due ?<\/span><\/strong><\/span><\/h3>\n<p><span style=\"font-weight: 400; color: #000000;\">Le Tribunal remettra alors le <strong>bien aux ench\u00e8res<\/strong> \u00e0 une prochaine audience.<\/span><\/p>\n<p style=\"text-align: justify;\"><span style=\"font-weight: 400; color: #000000;\">Cependant, les cons\u00e9quences peuvent \u00eatre importantes pour vous.<\/span><\/p>\n<p style=\"text-align: justify;\"><span style=\"font-weight: 400; color: #000000;\">Tout d\u2019abord vous perdez l&rsquo;avance que vous avez d\u00e9j\u00e0 vers\u00e9. Ensuite vous pouvez \u00eatre tenu de payer la diff\u00e9rence de prix entre le prix d&rsquo;adjudication initial et le nouveau prix de revente.<\/span><\/p>\n<p style=\"text-align: justify;\"><span style=\"font-weight: 400; color: #000000;\">C\u2019est pour cela que nous vous conseillons vivement de consulter votre banquier avant d\u2019envisager de porter les ench\u00e8res.\u00a0<\/span><\/p>\n<h3><span style=\"color: #000000;\"><strong><span style=\"text-decoration: underline;\">Et que se passe-t-il si je ne remporte pas l\u2019ench\u00e8re ?<\/span> <\/strong><\/span><\/h3>\n<p style=\"text-align: justify;\"><span style=\"color: #000000;\"><span style=\"font-weight: 400;\">Il n\u2019est pas exceptionnel qu\u2019une autre personne puisse proposer une somme sup\u00e9rieure \u00e0 la votre. Vous n&rsquo;\u00eates alors pas d\u00e9sign\u00e9 adjudicataire du bien\u00a0<\/span><span style=\"font-weight: 400;\">(personne qui a remport\u00e9 l\u2019ench\u00e8re).<\/span><\/span><\/p>\n<p><span style=\"font-weight: 400; color: #000000;\">L&rsquo;avocat ayant port\u00e9 les ench\u00e8res remet alors remis imm\u00e9diatement les ch\u00e8ques apr\u00e8s l\u2019audience.<\/span><\/p>\n","protected":false},"excerpt":{"rendered":"<p>Comment acheter un bien aux ench\u00e8res immobili\u00e8res \u00e0 Nice ? Peu utilis\u00e9es par les justiciables contrairement au marchands de biens et professionnels de l\u2019immobilier, les ventes aux ench\u00e8res pr\u00e9sentent pourtant de formidables opportunit\u00e9s d\u2019acc\u00e9der \u00e0 la propri\u00e9t\u00e9. Vous trouverez ci-dessous quelques r\u00e9ponses aux questions les plus couramment pos\u00e9es. Me Ribeiro de Carvalho, Avocat en droit [&#8230;]\n","protected":false},"author":1,"featured_media":0,"parent":0,"menu_order":0,"comment_status":"closed","ping_status":"closed","template":"","meta":{"footnotes":""},"class_list":["post-1179","page","type-page","status-publish","hentry"],"_links":{"self":[{"href":"https:\/\/ribeiro-avocat.com\/index.php\/wp-json\/wp\/v2\/pages\/1179","targetHints":{"allow":["GET"]}}],"collection":[{"href":"https:\/\/ribeiro-avocat.com\/index.php\/wp-json\/wp\/v2\/pages"}],"about":[{"href":"https:\/\/ribeiro-avocat.com\/index.php\/wp-json\/wp\/v2\/types\/page"}],"author":[{"embeddable":true,"href":"https:\/\/ribeiro-avocat.com\/index.php\/wp-json\/wp\/v2\/users\/1"}],"replies":[{"embeddable":true,"href":"https:\/\/ribeiro-avocat.com\/index.php\/wp-json\/wp\/v2\/comments?post=1179"}],"version-history":[{"count":31,"href":"https:\/\/ribeiro-avocat.com\/index.php\/wp-json\/wp\/v2\/pages\/1179\/revisions"}],"predecessor-version":[{"id":2867,"href":"https:\/\/ribeiro-avocat.com\/index.php\/wp-json\/wp\/v2\/pages\/1179\/revisions\/2867"}],"wp:attachment":[{"href":"https:\/\/ribeiro-avocat.com\/index.php\/wp-json\/wp\/v2\/media?parent=1179"}],"curies":[{"name":"wp","href":"https:\/\/api.w.org\/{rel}","templated":true}]}}